= 212*m + 1057. Let p be k(-5). What is x(p)?
-3
Suppose 6*l - l - 2*i = 69, l - 11 = -i. Suppose c + 8 = 23. Let q(n) = 1 + 31*n - c*n - l*n + n**2. Determine q(-3).
1
Suppose 4 = 5*u - 4*u. Let b = 4 - 2. Let s(v) = 325 - b*v - 325 + 3*v. Determine s(u).
4
Let d(c) = -9 - 16 - c**3 - 32 + 62. What is d(3)?
-22
Let i(n) = 4565*n**2 + 4 + n**3 + 3*n + 4574*n**2 - 9131*n**2 + 31. What is i(-8)?
11
Let m(i) = -5*i + 13. Let z(a) = a - 4. Let q(c) = -m(c) - 4*z(c). Suppose 0*j = 5*x + 4*j, -j = 4*x. Suppose x*r = 4*r - 12. What is q(r)?
6
Suppose 3*q - 4*o + 5 = 14, 53 = -q - 8*o. Let f(g) = 5*g + 7. Calculate f(q).
-18
Let s(y) be the first derivative of -y + 202 + 0*y**2 - 4/3*y**3. What is s(-2)?
-17
Let b = -44879/12 + 3740. Let u(p) be the third derivative of 0 - b*p**4 - 1/120*p**6 + 0*p - 3/2*p**3 + 11*p**2 - 1/10*p**5. What is u(-6)?
3
Let n(l) be the first derivative of -l**5/60 - 7*l**4/24 - l**3/3 - 223*l**2/2 - 146. Let i(j) be the second derivative of n(j). Calculate i(-5).
8
Let p(n) = -241 - 239 + 2961*n - 2943*n - 117 + 116. What is p(27)?
5
Let d(t) be the first derivative of -t**4/4 - 2*t**3 - t**2 - 6*t + 2. Suppose -122*n = -764 + 1496. What is d(n)?
6
Let h(v) = -v - 12. Let n = 179 - 155. Let s(q) = 2*q**2 - 45*q - 85. Let o be s(n). Give h(o).
1
Let b(l) = 2*l + 6. Let z(a) = -1. Let r(d) = b(d) - 2*z(d). Let t be (0/2)/(2/(-1)). Suppose -2*f + 7*f + 35 = t. Calculate r(f).
-6
Suppose 0 = 9*p - 20*p. Let o(h) = 9*h + h + p*h - 9*h. Calculate o(-7).
-7
Let q(o) = -5*o + 3. Suppose z + 2*w - 3 = -4, 4 = -2*w. Let j(i) = -7*i + 3. Let d(c) = z*q(c) - 2*j(c). Determine d(9).
-6
Let w = 6858 - 6859. Let o(m) = 42*m**2 + m + 1. Calculate o(w).
42
Let t(v) be the second derivative of -v**4/12 + 19*v**3/6 - 89*v**2/2 - 5*v + 72. Give t(8).
-1
Let m(j) be the third derivative of -j**6/60 + 7*j**5/30 - 11*j**4/24 - 2*j**3/3 + 1366*j**2. Determine m(6).
2
Let o be -4 + -4*(388/(-4) + 0). Suppose 0 = 7*t - 22 - o. Let h = t + -64. Let q(c) = -c**3 - 6*c**2 + 5. What is q(h)?
5
Suppose j + 11 = 2*d, -4*d - 102*j + 105*j = -29. Let v(q) be the second derivative of 0 + 4*q**d - 5*q - 1/6*q**3. Determine v(5).
3
Let r = 29 - 16. Suppose -4*n = -21 + r. Let m(b) = 5*b + 2. Give m(n).
12
Let r be (-9 + 10)*(19 + 1). Let o(t) = -t**2 + 23*t - 51. Determine o(r).
9
Let m = 2613 - 2610. Let c(p) = p + 1. Suppose 3*n + 2*n = 3*u - 23, 3*n + 15 = 3*u. Let o(g) = -2*g. Let j(b) = m*c(b) + u*o(b). What is j(-5)?
-2
Let k(h) = -606*h - 5. Let n(d) = -433*d - 3. Let t(j) = 5*k(j) - 7*n(j). Give t(5).
1
Let d(v) = -v**3 + 9*v**2 - 6*v - 4. Suppose -219*w = -204*w - 75. Determine d(w).
66
Let d(i) = -i**2 + 7*i + 6. Let a(x) = 4*x**2 + 15*x + 9. Let j be a(-4). Suppose 8*n - j*n + 30 = 0. Calculate d(n).
12
Suppose -6 = 3*r + 3*d - 21, 0 = -2*r + 4*d + 16. Let a(z) = 2940 - r*z + z - 2941 + 4*z. What is a(-4)?
3
Let n(i) be the third derivative of -13*i**6/40 + i**5/30 - i**4/8 - 2*i**3/3 + 2949*i**2 + 2*i - 2. Determine n(-1).
40
Let u(g) = -2*g - 13. Suppose -10*x - 45 = -19*x. Let n(k) = -3*k - 13. Let l(d) = x*u(d) - 4*n(d). Give l(13).
13
Let w be 4/6 - (-36)/27. Let y(t) = 44*t**w - 3*t**2 + 1969*t - 1970*t. Calculate y(1).
40
Let y be (12/10)/((-2)/(-5)*-1). Let v(x) be the third derivative of -x**5/60 - x**4/24 + x**3/2 - x**2 - 36. Determine v(y).
-3
Let d = 4 - 7. Let n be 7/5 + ((-112)/(-20) - 5). Let c(y) = y**n - 1 - 2*y**2 - 4 + 5 - 2*y - 2. Determine c(d).
-5
Let f(o) = -1. Let g(x) = -7*x + 3. Let a(w) = 5*w - 3. Let k(z) = -4*a(z) - 3*g(z). Suppose -n = -9*n - 32. Let c(d) = n*f(d) + k(d). Calculate c(-6).
1
Suppose 0 = k + 96 - 143. Let a(s) = -17*s - k*s**2 + 55*s**2 + 18*s. Give a(-1).
7
Let t(k) be the third derivative of 0 + 0*k + 1/24*k**4 - 2/3*k**3 - 20*k**2. Calculate t(11).
7
Let d(a) = -a**3 + 4*a**2 + 16*a - 15. Let i be d(6). Let s(p) = -3*p**2 - 9*p + 11. Let n(j) = 2*j**2 + 9*j - 9. Let m(k) = -4*n(k) - 3*s(k). What is m(i)?
3
Let u(t) = -4*t + 5*t - 160 + 160. Let b(j) = -2*j + 3 - 3. Let l(h) = -b(h) - u(h). What is l(-4)?
-4
Let r(p) = p**2 - 14*p + 4. Let b = 3758 + -3745. What is r(b)?
-9
Let p(x) = x - 2*x**2 - 9*x + 3041996 + x**2 - 3042017. Calculate p(-10).
-41
Let b(c) = 23*c - 1030. Let l(x) = -27*x + 1201. Let m(w) = -7*b(w) - 6*l(w). Let n be -5 + (0 - (-1 + 2)). What is m(n)?
-2
Let o(j) = 27 + 26 + 19 + 53 - 8*j - 7. Calculate o(11).
30
Let n(r) = -8*r**2 - 4*r - 7. Let l be 106/(-34) - 48/(-408). What is n(l)?
-67
Let c(i) = 2*i**2 - 19*i + 12. Let k = -3633 - -3641. Calculate c(k).
-12
Let i(p) = -2*p + 8832*p**2 + p**3 - 8807*p**2 - 52 + 8. Determine i(-25).
6
Let a(r) = 2*r**3 + 8*r**2 + 3*r. Suppose q + 25 - 30 = 0, -3*b = -q + 20. Give a(b).
-65
Let l(o) = 5*o**2 - 2*o + 1. Suppose -3*a + 4*j + 10 = 0, 18*a - 16*a + 3*j = 1. What is l(a)?
17
Let x(k) = -2*k**2 + 27*k - 3. Suppose -755*j = -756*j + 10 + 2. Give x(j).
33
Let b(a) = -a**2 - a - 1. Let n(g) = 4*g**2 + 5*g - 20. Let w(z) = 3*b(z) + n(z). Let r be w(-4). Let v(d) = d**3 + 14*d**2 - 15*d - 8. What is v(r)?
-8
Let s(y) = 4*y**3 - 8*y**2 + 7*y - 12. Let t be s(2). Let z(q) = 13*q**3 - 26*q**2 + 2*q. Calculate z(t).
4
Let x(b) = -14*b - 16. Let h be x(-1). Let i(d) = -2 - 3*d + 3 - 4 - 16*d**2 + 13*d**2. What is i(h)?
-9
Let a(u) = -u**2 - 4*u + 116. Let d be a(9). Let z(y) = -27*y - 20. Calculate z(d).
7
Let i(o) be the first derivative of 0*o + 1/60*o**5 + 49/2*o**2 + 1/3*o**3 - 29 + 1/3*o**4. Let q(t) be the second derivative of i(t). Give q(-7).
-5
Suppose 0 = 5*q - 4*q + 3*y + 7, q + 9 = -4*y. Suppose 3*j - 11 = -5*h, -3*h = 3*j + j. Let d be h + 3 + (q - 3). Let w(c) = -c**2 + c + 1. Give w(d).
-5
Suppose -12 = -6*u + 4*u. Let q be 108/36 + u/2. Let b(k) = k**3 - 5*k**2 - 7*k + 3. Give b(q).
-3
Let a(w) = 3*w**3 + 3*w**2 + 5*w + 2. Let j(d) = -5*d**3 - 5*d**2 - 8*d - 3. Let s(v) = -3*a(v) - 2*j(v). Determine s(-1).
-1
Let i be 0/1*(-156)/(-468). Let r(p) = p**2 - p - 26. Determine r(i).
-26
Let i be 2 - 236 - 12/3. Let b = i + 233. Let y(s) = s**3 + 4*s**2 - 4*s + 1. Give y(b).
-4
Let z(y) be the first derivative of -y**3/3 + 11*y**2/2 + 10*y + 137013. Let u = -4 - -14. Give z(u).
20
Let m(f) = 19*f**3 + f**2 + 5*f - 3. Suppose 357*q = 427 + 287. Calculate m(q).
163
Let c = 2662 + -2660. Let h(z) be the second derivative of 4*z + 1/3*z**3 - z**c + 0. What is h(2)?
2
Let h(i) = 774*i + 45 - 1529*i + 758*i. Calculate h(-10).
15
Let a(l) = 2 - 13 + 35*l - 6 + 37 + 2*l**2. What is a(-17)?
3
Let q(r) be the first derivative of -r**6/120 - 2*r**5/15 - 7*r**4/24 - r**3/3 + 9*r**2/2 + r - 24. Let z(d) be the second derivative of q(d). Give z(-7).
-2
Let f(s) = -3*s + 36. Let i(c) = 2*c - 36. Let q(d) = 3*f(d) + 2*i(d). Let l be q(8). Let z(t) = -2*t - 2. Give z(l).
6
Suppose 9 = -3*w + 3*m, -3*w - m - 15 = -2. Let f(a) = -5 + 2 - 2*a + 0*a + 0. What is f(w)?
5
Suppose 0 = 2*p + 5*x - 22, 2*x - 1 = 3*p + 4. Let d(f) be the first derivative of 11*f**4/4 - f**2/2 - 4048. Give d(p).
10
Let q(n) = -n**3 + 31*n**2 + 35*n + 17. Let p be q(32). Let a(t) = -40*t**3 + 21*t**3 + 114*t**2 - p*t**2. Let v be 0 + (2 - (-1 + 2)). Give a(v).
-18
Let t(m) = -15*m**2 - m**3 + 372680 - 26*m**2 - 80*m - 372771. Calculate t(-39).
-13
Let c be 2/(-3) - 160/(-24). Let z = -24 - -30. Suppose c = -9*s + z*s. Let h(g) = -g**2 + g - 2. What is h(s)?
-8
Let p(j) = -13*j - 72. Let r = -7900 + 7894. What is p(r)?
6
Let k = 7500 - 7493. Let x(b) = -b**3 + 8*b**2 - 6*b + 8. Determine x(k).
15
Let h(c) = -c**2 - 5*c - 2. Let y be (-18)/54 - 1994/(-6). Let i = 327 - y. Calculate h(i).
-2
Let i(x) = -x**2 - x - 21. Let u = -58 - -83. Let t(a) = -a + 9 + 6 - u. Let m be t(-10). What is i(m)?
-21
Let y(c) be the third derivative of -c**7/280 + c**4/24 - 17*c**3/3 + 4*c**2. Let l(o) be the first derivative of y(o). Calculate l(1).
-2
Let p(a) = -a**2 + 4*a - 1. Let t be p(2). Suppose 0 = -y - t - 2. Let d(i) = -14*i**2 + 6*i**2 + 5 + 7*i**2 - 7*i. Determine d(y).
15
Let q be ((-11)/2)/((-3)/(-6)). Let f = q + 6. Let v(d) = -5*d**2 + 1 - 1330*d**3 + 664*d**3 - d + 665*d**3. Calculate v(f).
6
Let w(h) = -4*h - 2. Let o be 15/(735/(-14)) + (-54)/7. Let p be (-2)/o*(-156)/65*-5. Calculate w(p).
-14
Let r(q) = -59 + 12 + 30 - 3*q + 16. What is r(-3)?
8
Let s be (68/(-5))/((-7)/35). 